it of 517573253?
1
What is the thousands digit of 84755067?
5
What is the thousands digit of 4402871525?
1
What is the hundred millions digit of 524434863?
5
What is the ten millions digit of 53402445?
5
What is the thousands digit of 454657711?
7
What is the billions digit of 5363247175?
5
What is the ten millions digit of 208100720?
0
What is the ten thousands digit of 3317149402?
4
What is the ten thousands digit of 551803736?
0
What is the tens digit of 769534962?
6
What is the hundreds digit of 59375708?
7
What is the hundred thousands digit of 48225983?
2
What is the ten millions digit of 50572214?
5
What is the ten thousands digit of 91117004?
1
What is the tens digit of 212172512?
1
What is the hundreds digit of 358208785?
7
What is the units digit of 9424319?
9
What is the thousands digit of 281401895?
1
What is the hundred millions digit of 592343539?
5
What is the millions digit of 6958294?
6
What is the hundred thousands digit of 1051893072?
8
What is the thousands digit of 6967476?
7
What is the hundred thousands digit of 2093399792?
3
What is the ten thousands digit of 295386928?
8
What is the tens digit of 2119705823?
2
What is the hundred thousands digit of 34934427?
9
What is the ten millions digit of 12541469?
1
What is the thousands digit of 41619268?
9
What is the millions digit of 2690997383?
0
What is the millions digit of 3112742523?
2
What is the tens digit of 302860161?
6
What is the millions digit of 142319554?
2
What is the hundreds digit of 1494668446?
4
What is the tens digit of 120622850?
5
What is the hundred millions digit of 838771021?
8
What is the ten millions digit of 208723719?
0
What is the units digit of 24986100?
0
What is the ten millions digit of 527393130?
2
What is the millions digit of 2516244?
2
What is the ten millions digit of 759418970?
5
What is the units digit of 32840257?
7
What is the millions digit of 292427286?
2
What is the thousands digit of 15619654?
9
What is the tens digit of 174054172?
7
What is the millions digit of 1409164462?
9
What is the tens digit of 5783065023?
2
What is the hundred thousands digit of 1261744719?
7
What is the hundreds digit of 42051184?
1
What is the thousands digit of 304005733?
5
What is the hundreds digit of 1321986625?
6
What is the hundred thousands digit of 780411478?
4
What is the tens digit of 554842126?
2
What is the thousands digit of 47716928?
6
What is the hundred thousands digit of 3884063794?
0
What is the hundred millions digit of 317934468?
3
What is the ten thousands digit of 185795085?
9
What is the tens digit of 988715477?
7
What is the units digit of 138637020?
0
What is the ten thousands digit of 1454273087?
7
What is the hundred thousands digit of 1822630149?
6
What is the hundred thousands digit of 72758454?
7
What is the millions digit of 10011002?
0
What is the tens digit of 60424822?
2
What is the hundred millions digit of 219765316?
2
What is the ten thousands digit of 642014885?
1
What is the hundred millions digit of 186701496?
1
What is the millions digit of 154514231?
4
What is the hundred thousands digit of 694119889?
1
What is the ten thousands digit of 157828405?
2
What is the millions digit of 916141515?
6
What is the thousands digit of 440262796?
2
What is the units digit of 1248651029?
9
What is the ten millions digit of 13157610?
1
What is the units digit of 3572486138?
8
What is the tens digit of 73884340?
4
What is the units digit of 20530227?
7
What is the ten thousands digit of 80137841?
3
What is the ten thousands digit of 205738835?
3
What is the hundred thousands digit of 11325450?
3
What is the millions digit of 1386073058?
6
What is the hundred thousands digit of 405259267?
2
What is the hundred thousands digit of 49368989?
3
What is the thousands digit of 71955175?
5
What is the units digit of 6769974?
4
What is the ten millions digit of 4720873470?
2
What is the millions digit of 2633727362?
3
What is the hundred thousands digit of 873176625?
1
What is the hundreds digit of 412654766?
7
What is the ten millions digit of 14533164?
1
What is the tens digit of 102034181?
8
What is the hundred thousands digit of 127442713?
4
What is the units digit of 5078534319?
9
What is the ten millions digit of 4726049643?
2
What is the millions digit of 167591585?
7
What is the units digit of 2428883639?
9
What is the millions digit of 1698126779?
8
What is the thousands digit of 27423254?
3
What is the thousands digit of 256362050?
2
What is the units digit of 145616518?
8
What is the ten thousands digit of 6825580882?
8
What is the billions digit of 1293651223?
1
What is the ten thousands digit of 182103289?
0
What is the hundred millions digit of 2080111561?
0
What is the units digit of 14728782?
2
What is the hundred millions digit of 1235605638?
2
What is the ten millions digit of 31892095?
3
What is the ten thousands digit of 355064733?
6
What is the thousands digit of 75003418?
3
What is the thousands digit of 1689950294?
0
What is the hundred thousands digit of 250399407?
3
What is the ten millions digit of 82167595?
8
What is the tens digit of 5555353980?
8
What is the ten thousands digit of 54683180?
8
What is the hundreds digit of 65047965?
9
What is the tens digit of 677142817?
1
What is the hundreds digit of 1258260?
2
What is the hundred thousands digit of 181772434?
7
What is the hundred thousands digit of 73641040?
6
What is the hundreds digit of 1029537512?
5
What is the ten thousands digit of 61105553?
0
What is the hundreds digit of 66135683?
6
What is the hundred thousands digit of 213946031?
9
What is the millions digit of 76622309?
6
What is the units digit of 9240391559?
9
What is the ten millions digit of 3704474835?
0
What is the ten thousands digit of 1259892719?
9
What is the ten millions digit of 495245624?
9
What is the hundred thousands digit of 442291618?
2
What is the thousands digit of 747966044?
6
What is the millions digit of 154199721?
4
What is the millions digit of 133537141?
3
What is the tens digit of 13286855?
5
What is the hundred thousands digit of 67952301?
9
What is the tens digit of 4430181546?
4
What is the millions digit of 291676524?
1
What is the hundreds digit of 58667618?
6
What is the thousands digit of 75706932?
6
What is the ten millions digit of 1503207353?
0
What is the units digit of 70740290?
0
What is the thousands digit of 42031505?
1
What is the hundreds digit of 2528032452?
4
What is the hundred thousands digit of 2577352487?
3
What is the ten thousands digit of 53724344?
2
What is the ten millions digit of 36174158?
3
What is the millions digit of 327827139?
7
What is the ten thousands digit of 3115598693?
9
What is the hundred thousands digit of 246766982?
7
What is the ten millions digit of 82470995?
8
What is the ten thousands digit of 24906125?
0
What is the thousands digit of 7636016028?
6
What is the hundred thousands digit of 5602121?
6
What is the millions digit of 377092952?
7
What is the hundreds digit of 120041787?
7
What is the hundreds digit of 25265225?
2
What is the units digit of 14121423?
3
What is the millions digit of 459818691?
9
What is the hundreds digit of 80449209?
2
What is the ten millions digit of 2850383927?
5
What is the ten millions digit of 48021543?
4
What is the ten millions digit of 120043985?
2
What is the hundreds digit of 2011780057?
0
What is the thousands digit of 1143503721?
3
What is the units digit of 177531582?
2
What is the units digit of 29072904?
4
What is the hundred millions digit of 1450840233?
4
What is the hundreds digit of 104767829?
8
What is the units digit of 665876045?
5
What is the thousands digit of 99855952?
5
What is the tens digit of 3441019572?
7
What is the billions digit of 1980826877?
1
What is the hundreds digit of 423949772?
7
What is the units digit of 9592150?
0
What is the hundred thousands digit of 384796717?
7
What is the ten millions digit of 1550557145?
5
What is the ten millions digit of 378006666?
7
What is the millions digit of 66781561?
6
What is the millions digit of 193685322?
3
What is the millions digit of 183161402?
3
What is the billions digit of 2196895655?
2
What is the hundred thousands digit of 2556000364?
0
What is the hundreds digit of 1631714?
7
What is the units digit 